
235
Calculate the remainder when 373755 is divided by 53.
52
What is the remainder when 13640 is divided by 853?
845
Calculate the remainder when 1227 is divided by 146.
59
What is the remainder when 22356 is divided by 11176?
4
Calculate the remainder when 6402 is divided by 3030.
342
Calculate the remainder when 162112 is divided by 303.
7
Calculate the remainder when 59 is divided by 50.
9
Calculate the remainder when 23599 is divided by 117.
82
Calculate the remainder when 1956653 is divided by 53.
52
Calculate the remainder when 8063 is divided by 1604.
43
What is the remainder when 30234 is divided by 14915?
404
Calculate the remainder when 659 is divided by 108.
11
Calculate the remainder when 11691 is divided by 18.
9
Calculate the remainder when 101926 is divided by 50.
26
Calculate the remainder when 27616 is divided by 4599.
22
Calculate the remainder when 107503 is divided by 62.
57
What is the remainder when 1348 is divided by 554?
240
What is the remainder when 1342 is divided by 108?
46
Calculate the remainder when 3315 is divided by 285.
180
What is the remainder when 246099 is divided by 279?
21
Calculate the remainder when 8041 is divided by 374.
187
What is the remainder when 12709 is divided by 58?
7
What is the remainder when 420792 is divided by 210381?
30
What is the remainder when 570 is divided by 262?
46
What is the remainder when 12966 is divided by 689?
564
Calculate the remainder when 5938 is divided by 322.
142
What is the remainder when 5648 is divided by 180?
68
What is the remainder when 39366 is divided by 635?
631
What is the remainder when 1975 is divided by 150?
25
Calculate the remainder when 7976 is divided by 238.
122
What is the remainder when 14339 is divided by 20?
19
What is the remainder when 215 is divided by 202?
13
What is the remainder when 4581 is divided by 304?
21
What is the remainder when 94942 is divided by 10?
2
What is the remainder when 430637 is divided by 13?
12
Calculate the remainder when 14308 is divided by 9.
7
What is the remainder when 22014 is divided by 61?
54
Calculate the remainder when 46982 is divided by 15649.
35
Calculate the remainder when 2646 is divided by 538.
494
Calculate the remainder when 1745 is divided by 366.
281
What is the remainder when 946 is divided by 879?
67
What is the remainder when 370483 is divided by 10585?
8
What is the remainder when 3016 is divided by 230?
26
What is the remainder when 1138728 is divided by 21?
3
Calculate the remainder when 4192 is divided by 169.
136
What is the remainder when 30298 is divided by 1653?
544
What is the remainder when 153673 is divided by 373?
370
Calculate the remainder when 5680 is divided by 2.
0
What is the remainder when 794307 is divided by 166?
163
What is the remainder when 6665 is divided by 966?
869
Calculate the remainder when 57029 is divided by 183.
116
What is the remainder when 4372 is divided by 27?
25
Calculate the remainder when 25160 is divided by 323.
289
What is the remainder when 20511 is divided by 1575?
36
Calculate the remainder when 15910 is divided by 312.
310
Calculate the remainder when 13730 is divided by 319.
13
Calculate the remainder when 2463 is divided by 580.
143
Calculate the remainder when 335291 is divided by 9.
5
Calculate the remainder when 24167 is divided by 153.
146
Calculate the remainder when 2477 is divided by 56.
13
What is the remainder when 50151 is divided by 220?
211
Calculate the remainder when 139193 is divided by 1435.
1433
What is the remainder when 4877421 is divided by 22?
21
Calculate the remainder when 95206 is divided by 19038.
16
Calculate the remainder when 95555 is divided by 23.
13
Calculate the remainder when 3876 is divided by 1287.
15
What is the remainder when 303576 is divided by 280?
56
What is the remainder when 4807 is divided by 150?
7
What is the remainder when 10725 is divided by 1774?
81
What is the remainder when 3265 is divided by 86?
83
What is the remainder when 153606 is divided by 966?
12
Calculate the remainder when 8435 is divided by 711.
614
What is the remainder when 3289 is divided by 2570?
719
Calculate the remainder when 7344 is divided by 322.
260
Calculate the remainder when 513 is divided by 1.
0
Calculate the remainder when 18433 is divided by 1034.
855
What is the remainder when 29597 is divided by 2114?
1
Calculate the remainder when 200938 is divided by 785.
763
What is the remainder when 314276 is divided by 3?
2
Calculate the remainder when 52635 is divided by 186.
183
Calculate the remainder when 944 is divided by 161.
139
Calculate the remainder when 47066 is divided by 420.
26
What is the remainder when 27865 is divided by 9288?
1
What is the remainder when 10570 is divided by 1487?
161
What is the remainder when 13459 is divided by 164?
11
Calculate the remainder when 4735 is divided by 526.
1
Calculate the remainder when 61108 is divided by 39.
34
Calculate the remainder when 852 is divided by 223.
183
What is the remainder when 6638 is divided by 25?
13
What is the remainder when 141162 is divided by 238?
28
Calculate the remainder when 36118 is divided by 975.
43
What is the remainder when 191346 is divided by 929?
901
What is the remainder when 699822 is divided by 41?
34
Calculate the remainder when 587939 is divided by 295.
4
What is the remainder when 27084 is divided by 20?
4
What is the remainder when 16297 is divided by 55?
17
What is the remainder when 120797 is divided by 27?
26
Calculate the remainder when 3140 is divided by 79.
59
Calculate the remainder when 30050 is divided by 3755.
10
Calculate the remainder when 17912 is divided by 745.
32
Calculate the remainder when 93294 is divided by 476.
474
What is the remainder when 143969 is divided by 65?
59
Calculate the remainder when 40963 is divided by 40945.
18
What is the remainder when 32453 is divided by 2704?
5
Calculate the remainder when 642 is divided by 642.
0
What is the remainder when 65243 is divided by 13?
9
Calculate the remainder when 8094 is divided by 60.
54
What is the remainder when 3481 is divided by 1101?
178
Calculate the remainder when 3047 is divided by 218.
213
Calculate the remainder when 4366 is divided by 78.
76
What is the remainder when 5501 is divided by 4947?
554
What is the remainder when 10345 is divided by 21?
13
What is the remainder when 3167272 is divided by 11?
9
What is the remainder when 108199 is divided by 21?
7
Calculate the remainder when 14451 is divided by 278.
273
What is the remainder when 1286 is divided by 405?
71
Calculate the remainder when 952 is divided by 35.
7
What is the remainder when 405872 is divided by 53?
51
Calculate the remainder when 2987 is divided by 972.
71
Calculate the remainder when 4531 is divided by 36.
31
Calculate the remainder when 1475 is divided by 492.
491
Calculate the remainder when 1119740 is divided by 144.
140
What is the remainder when 303275 is divided by 272?
267
Calculate the remainder when 95085 is divided by 299.
3
Calculate the remainder when 1853 is divided by 692.
469
Calculate the remainder when 33033 is divided by 41.
28
What is the remainder when 106341 is divided by 106295?
46
Calculate the remainder when 161106 is divided by 340.
286
Calculate the remainder when 86727 is divided by 611.
576
What is the remainder when 3371 is divided by 377?
355
Calculate the remainder when 4704 is divided by 4700.
4
Calculate the remainder when 9089 is divided by 33.
14
What is the remainder when 1009937 is divided by 126239?
25
What is the remainder when 995918 is divided by 105?
98
What is the remainder when 2849 is divided by 949?
2
Calculate the remainder when 28891 is divided by 9615.
46
Calculate the remainder when 336228 is divided by 64.
36
What is the remainder when 67459 is divided by 489?
466
Calculate the remainder when 47722 is divided by 83.
80
What is the remainder when 324057 is divided by 220?
217
Calculate the remainder when 4588 is divided by 511.
500
Calculate the remainder when 384461 is divided by 93.
92
What is the remainder when 35593 is divided by 113?
111
What is the remainder when 18594 is divided by 929?
14
Calculate the remainder when 10293233 is divided by 669.
668
Calculate the remainder when 305178 is divided by 34.
28
Calculate 